
2, 7, 29
What are the prime factors of 3188?
2, 797
List the prime factors of 727.
727
What are the prime factors of 59220?
2, 3, 5, 7, 47
List the prime factors of 1005.
3, 5, 67
What are the prime factors of 620?
2, 5, 31
What are the prime factors of 6680?
2, 5, 167
List the prime factors of 14977.
17, 881
List the prime factors of 5561.
67, 83
What are the prime factors of 1019?
1019
List the prime factors of 11934.
2, 3, 13, 17
List the prime factors of 286.
2, 11, 13
List the prime factors of 410.
2, 5, 41
List the prime factors of 4720.
2, 5, 59
List the prime factors of 27614.
2, 13807
What are the prime factors of 4000?
2, 5
What are the prime factors of 13933?
13933
What are the prime factors of 3111?
3, 17, 61
List the prime factors of 6540.
2, 3, 5, 109
List the prime factors of 64828.
2, 19, 853
List the prime factors of 789.
3, 263
List the prime factors of 6257.
6257
List the prime factors of 2422.
2, 7, 173
List the prime factors of 99753.
3, 41, 811
List the prime factors of 2994.
2, 3, 499
What are the prime factors of 3216?
2, 3, 67
What are the prime factors of 3022?
2, 1511
List the prime factors of 1150.
2, 5, 23
List the prime factors of 82542.
2, 3, 13757
List the prime factors of 38930.
2, 5, 17, 229
List the prime factors of 17450.
2, 5, 349
List the prime factors of 575.
5, 23
What are the prime factors of 6487?
13, 499
List the prime factors of 431.
431
What are the prime factors of 22134?
2, 3, 7, 17, 31
What are the prime factors of 87809?
277, 317
What are the prime factors of 5233?
5233
List the prime factors of 52577.
7, 29, 37
List the prime factors of 13731.
3, 23, 199
What are the prime factors of 3775?
5, 151
List the prime factors of 977.
977
What are the prime factors of 16754?
2, 8377
What are the prime factors of 203?
7, 29
What are the prime factors of 1283?
1283
What are the prime factors of 513?
3, 19
List the prime factors of 6480.
2, 3, 5
List the prime factors of 13293.
3, 7, 211
List the prime factors of 39.
3, 13
What are the prime factors of 167?
167
List the prime factors of 771.
3, 257
List the prime factors of 10020.
2, 3, 5, 167
What are the prime factors of 119132?
2, 13, 29, 79
List the prime factors of 2533.
17, 149
What are the prime factors of 11256?
2, 3, 7, 67
What are the prime factors of 868?
2, 7, 31
List the prime factors of 8028.
2, 3, 223
What are the prime factors of 15774?
2, 3, 11, 239
List the prime factors of 771.
3, 257
List the prime factors of 192.
2, 3
What are the prime factors of 7373?
73, 101
What are the prime factors of 4057?
4057
List the prime factors of 6570.
2, 3, 5, 73
What are the prime factors of 79345?
5, 7, 2267
What are the prime factors of 8617?
7, 1231
List the prime factors of 4212.
2, 3, 13
List the prime factors of 3326.
2, 1663
List the prime factors of 14417.
13, 1109
What are the prime factors of 65186?
2, 11, 2963
List the prime factors of 511.
7, 73
What are the prime factors of 5982?
2, 3, 997
What are the prime factors of 16066?
2, 29, 277
What are the prime factors of 2226?
2, 3, 7, 53
List the prime factors of 85499.
193, 443
List the prime factors of 2684.
2, 11, 61
List the prime factors of 478.
2, 239
List the prime factors of 8647.
8647
List the prime factors of 1414.
2, 7, 101
What are the prime factors of 1821?
3, 607
List the prime factors of 12186.
2, 3, 677
List the prime factors of 91748.
2, 22937
List the prime factors of 1200.
2, 3, 5
What are the prime factors of 3785?
5, 757
List the prime factors of 5572.
2, 7, 199
What are the prime factors of 18760?
2, 5, 7, 67
List the prime factors of 1138.
2, 569
List the prime factors of 18912.
2, 3, 197
List the prime factors of 149571.
3, 16619
List the prime factors of 2108.
2, 17, 31
List the prime factors of 11544.
2, 3, 13, 37
List the prime factors of 51550.
2, 5, 1031
What are the prime factors of 5595?
3, 5, 373
List the prime factors of 143087.
7, 20441
List the prime factors of 994.
2, 7, 71
List the prime factors of 13317.
3, 23, 193
What are the prime factors of 866?
2, 433
List the prime factors of 1128.
2, 3, 47
List the prime factors of 1325.
5, 53
What are the prime factors of 9259?
47, 197
List the prime factors of 7485.
3, 5, 499
List the prime factors of 9968.
2, 7, 89
What are the prime factors of 20423?
13, 1571
List the prime factors of 8832.
2, 3, 23
What are the prime factors of 3327?
3, 1109
List the prime factors of 30373.
7, 4339
What are the prime factors of 7187?
7187
List the prime factors of 430.
2, 5, 43
What are the prime factors of 1448?
2, 181
What are the prime factors of 10152?
2, 3, 47
List the prime factors of 9016.
2, 7, 23
What are the prime factors of 5406?
2, 3, 17, 53
List the prime factors of 250.
2, 5
What are the prime factors of 27384?
2, 3, 7, 163
What are the prime factors of 16803?
3, 1867
What are the prime factors of 658?
2, 7, 47
What are the prime factors of 18802?
2, 7, 17, 79
List the prime factors of 3449.
3449
List the prime factors of 643.
643
List the prime factors of 34804.
2, 7, 11, 113
List the prime factors of 4776.
2, 3, 199
List the prime factors of 2712.
2, 3, 113
List the prime factors of 2197.
13
What are the prime factors of 9843?
3, 17, 193
What are the prime factors of 11236?
2, 53
What are the prime factors of 4243?
4243
What are the prime factors of 71439?
3, 23813
List the prime factors of 186.
2, 3, 31
What are the prime factors of 17696?
2, 7, 79
What are the prime factors of 3404?
2, 23, 37
What are the prime factors of 105?
3, 5, 7
What are the prime factors of 115?
5, 23
What are the prime factors of 37706?
2, 17, 1109
What are the prime factors of 6181?
7, 883
What are the prime factors of 1036?
2, 7, 37
What are the prime factors of 51520?
2, 5, 7, 23
List the prime factors of 10536.
2, 3, 439
What are the prime factors of 13742?
2, 6871
List the prime factors of 39411.
3, 29, 151
What are the prime factors of 51336?
2, 3, 23, 31
List the prime factors of 141446.
2, 197, 359
List the prime factors of 194.
2, 97
What are the prime factors of 510?
2, 3, 5, 17
What are the prime factors of 52890?
2, 3, 5, 41, 43
List the prime factors of 1050.
2, 3, 5, 7
List the prime factors of 796.
2, 199
What are the prime factors of 20412?
2, 3, 7
List the prime factors of 3341.
13, 257
List the prime factors of 12590.
2, 5, 1259
List the prime factors of 105459.
3, 35153
List the prime factors of 32.
2
List the prime factors of 5685.
3, 5, 379
List the prime factors of 20854.
2, 10427
What are the prime factors of 1474?
2, 11, 67
List the prime factors of 25391.
25391
List the prime factors of 6000.
2, 3, 5
What are the prime factors of 30393?
3, 11, 307
List the prime factors of 1085.
5, 7, 31
List the prime factors of 64157.
64157
List the prime factors of 6408.
2, 3, 89
What are the prime factors of 5988?
2, 3, 499
List the prime factors of 47143.
47143
List the prime factors of 28904.
2, 3613
What are the prime factors of 1397?
11, 127
What are the prime factors of 30393?
3, 11, 307
What are the prime factors of 623?
7, 89
What are the prime factors of 102050?
2, 5, 13, 157
List the prime factors of 21348.
2, 3, 593
List the prime factors of 1209.
3, 13, 31
List the prime factors of 310.
2, 5, 31
What are the prime factors of 123?
3, 41
What are the prime factors of 4587?
3, 11, 139
List the prime factors of 9485.
5, 7, 271
What are the prime factors of 527?
17, 31
List the prime factors of 7763.
7, 1109
What are the prime factors of 34996?
2, 13, 673
List the prime factors of 1008.
2, 3, 7
List the prime factors of 221.
13, 17
What are the prime factors of 111962?
2, 17, 37, 89
What are the prime factors of 32444?
2, 8111
What are the prime factors of 160135?
5, 32027
What are the prime factors of 101259?
3, 11251
List the prime factors of 9026.
2, 4513
List the prime factors of 31044.
2, 3, 13, 199
List the prime factors of 67734.
2, 3, 53, 71
What are the prime factors of 23990?
2, 5, 2399
What are the prime factors of 9615?
3, 5, 641
What are the prime factors of 678?
2, 3, 113
What are the prime factors of 41949?
3, 59, 79
List the prime factors of 45408.
2, 3, 11, 43
List the prime factors of 29238.
2, 3, 11, 443
List the prime factors of 2385.
3, 5, 53
List the prime factors of 23223.
3, 7741
What are